{"id":1222,"date":"2025-07-04T08:43:20","date_gmt":"2025-07-04T06:43:20","guid":{"rendered":"https:\/\/ccdd.univ-lyon1.fr\/?page_id=1222"},"modified":"2025-09-24T15:13:25","modified_gmt":"2025-09-24T13:13:25","slug":"icap","status":"publish","type":"page","link":"https:\/\/ccdd.univ-lyon1.fr\/?page_id=1222","title":{"rendered":"ICAP"},"content":{"rendered":"<div id=\"cs-content\" class=\"cs-content\"><div class=\"x-section e1222-e1 mxy-0 mxy-1 mxy-2 mxy-3 mxy-4 mxy-5\"><div class=\"x-row e1222-e2 mxy-j mxy-k mxy-l mxy-m mxy-n mxy-x mxy-y\"><div class=\"x-row-inner\"><div class=\"x-col e1222-e3 mxy-1c mxy-1d mxy-1e mxy-1f\"><div class=\"x-div e1222-e4 mxy-1u mxy-1v mxy-1w mxy-1x mxy-1y\"><div class=\"x-div e1222-e5 mxy-1u mxy-1v mxy-1w mxy-1x\"><a class=\"x-div e1222-e6 mxy-1w mxy-1x\" href=\"https:\/\/ccdd.univ-lyon1.fr\/\"><div class=\"x-text x-content e1222-e7 mxy-20 mxy-21 mxy-22 mxy-23 mxy-24 mxy-25 mxy-26\">Home<\/div><\/a><\/div><\/div><\/div><\/div><\/div><\/div><div class=\"x-section x-hide-sm x-hide-xs e1222-e9 mxy-0 mxy-1 mxy-3 mxy-4 mxy-6 mxy-7\"><div class=\"x-row x-container max width e1222-e10 mxy-j mxy-k mxy-l mxy-m mxy-n mxy-o mxy-x mxy-z\"><div class=\"x-row-inner\"><div class=\"x-col e1222-e11 mxy-1c mxy-1d mxy-1e mxy-1f\"><div class=\"x-row e1222-e12 mxy-l mxy-n mxy-p mxy-q mxy-r mxy-s mxy-x mxy-10\"><div class=\"x-bg\" aria-hidden=\"true\"><div class=\"x-bg-layer-lower-image\"><\/div><\/div><div class=\"x-row-inner\"><div class=\"x-col e1222-e13 mxy-1c mxy-1d mxy-1f mxy-1g mxy-1h mxy-1i\"><div class=\"x-text x-content e1222-e14 mxy-24 mxy-25 mxy-27 mxy-28 mxy-29 mxy-2a mxy-2b mxy-2c mxy-2d\"><p>Service support soutenu<\/p><\/div><div id=\"carrieres\" class=\"x-text x-text-headline e1222-e15 mxy-2v mxy-2w mxy-2x mxy-2y mxy-2z\"><div class=\"x-text-content\"><div class=\"x-text-content-text\"><h1 class=\"x-text-content-text-primary\">ICAP<\/h1>\n<\/div><\/div><\/div><\/div><div class=\"x-col e1222-e16 mxy-1c mxy-1d mxy-1f mxy-1h mxy-1j\"><div class=\"x-div e1222-e17 mxy-1u mxy-1w mxy-1z\"><div class=\"x-bg\" aria-hidden=\"true\"><div class=\"x-bg-layer-lower-image\" style=\" background-image: url(https:\/\/ccdd.univ-lyon1.fr\/wp-content\/uploads\/2025\/07\/nature-morte-de-livres-contre-technologie-1-scaled.jpg); background-repeat: no-repeat; background-position: 60%; background-size: cover;\"><\/div><div class=\"x-bg-layer-upper-color\" style=\" background-color: #F37032b5;\"><\/div><\/div><\/div><\/div><\/div><\/div><div class=\"x-row e1222-e18 mxy-j mxy-l mxy-m mxy-n mxy-q mxy-t mxy-x mxy-11\" id=\"evolutivite\"><div class=\"x-row-inner\"><div class=\"x-col e1222-e19 mxy-1c mxy-1d mxy-1e mxy-1f\"><div class=\"x-row e1222-e20 mxy-j mxy-l mxy-m mxy-n mxy-r mxy-u mxy-x mxy-12\"><div class=\"x-row-inner\"><div class=\"x-col e1222-e21 mxy-1c mxy-1d mxy-1e mxy-1f\"><div class=\"x-text x-content e1222-e22 mxy-21 mxy-24 mxy-28 mxy-29 mxy-2d mxy-2e mxy-2f mxy-2g mxy-2h mxy-2i mxy-2j mxy-b mxy-c mxy-d mxy-e x-effect-exit\" data-x-effect=\"{&quot;scroll&quot;:true,&quot;offsetTop&quot;:&quot;0%&quot;,&quot;offsetBottom&quot;:&quot;0%&quot;,&quot;behaviorScroll&quot;:&quot;fire-once&quot;}\"><p>ICAP : Innovation Conception et Accompagnement pour la P&eacute;dagogie de l&rsquo;Universit&eacute; Claude Bernard Lyon 1<\/p><\/div><\/div><div class=\"x-col e1222-e23 mxy-1c mxy-1d mxy-1e mxy-1f\"><div class=\"x-text x-content e1222-e24 mxy-21 mxy-24 mxy-26 mxy-29 mxy-2c mxy-2d mxy-2f mxy-2h mxy-2i mxy-2k mxy-2l mxy-2m\"><p>CCDD : une infrastructure au service de l'enseignement innovant<\/p><\/div><hr class=\"x-line e1222-e25 mxy-3c mxy-e mxy-f mxy-g x-effect-exit\" data-x-effect=\"{&quot;scroll&quot;:true,&quot;offsetTop&quot;:&quot;0%&quot;,&quot;offsetBottom&quot;:&quot;0%&quot;,&quot;behaviorScroll&quot;:&quot;fire-once&quot;}\"\/><\/div><\/div><\/div><\/div><div class=\"x-col e1222-e26 mxy-1c mxy-1d mxy-1e mxy-1f\"><div class=\"x-text x-content e1222-e27 mxy-21 mxy-23 mxy-24 mxy-25 mxy-29 mxy-2b mxy-2c mxy-2d mxy-2g mxy-2n mxy-2o mxy-2p mxy-2q\"><p>Service d&eacute;di&eacute;e &agrave; la conception et la transformation p&eacute;dagogique au sein de l&rsquo;Universit&eacute; Claude Bernard Lyon 1.<\/p>\n<p>&nbsp;<\/p>\n<p>Sa mission&nbsp;: accompagner les enseignants, les &eacute;quipes p&eacute;dagogiques et les services dans la cr&eacute;ation de supports de cours, l&rsquo;innovation et l&rsquo;&eacute;volution des pratiques d&rsquo;enseignement.<\/p>\n<p>&nbsp;<\/p><\/div><\/div><\/div><\/div><\/div><\/div><\/div><\/div><div class=\"x-section x-hide-lg x-hide-md x-hide-xl e1222-e28 mxy-0 mxy-1 mxy-3 mxy-4 mxy-6 mxy-7\"><div class=\"x-row e1222-e29 mxy-j mxy-k mxy-l mxy-s mxy-v mxy-x mxy-13\"><div class=\"x-row-inner\"><div class=\"x-col e1222-e30 mxy-1c mxy-1d mxy-1e mxy-1f mxy-1i mxy-1k mxy-1l mxy-1m mxy-1n mxy-1o\"><div class=\"x-text x-content e1222-e31 mxy-24 mxy-25 mxy-28 mxy-29 mxy-2a mxy-2b mxy-2c mxy-2d mxy-2m mxy-2r\"><p>Service support soutenu<\/p><\/div><div class=\"x-text x-text-headline e1222-e32 mxy-2w mxy-2x mxy-2y mxy-2z mxy-30\"><div class=\"x-text-content\"><div class=\"x-text-content-text\"><h1 class=\"x-text-content-text-primary\">ICAP<\/h1>\n<\/div><\/div><\/div><\/div><\/div><\/div><div class=\"x-row e1222-e33 mxy-j mxy-l mxy-m mxy-n mxy-q mxy-t mxy-x mxy-14\" id=\"evolutivite\"><div class=\"x-row-inner\"><div class=\"x-col e1222-e34 mxy-1c mxy-1d mxy-1e mxy-1f mxy-1k mxy-1l mxy-1p\"><div class=\"x-row e1222-e35 mxy-j mxy-l mxy-m mxy-n mxy-r mxy-u mxy-x mxy-15\"><div class=\"x-row-inner\"><div class=\"x-col e1222-e36 mxy-1c mxy-1d mxy-1e mxy-1f mxy-1k mxy-1n mxy-1p mxy-1q mxy-1r\"><div class=\"x-text x-content e1222-e37 mxy-21 mxy-24 mxy-28 mxy-29 mxy-2d mxy-2f mxy-2h mxy-2i mxy-2j mxy-2l mxy-b mxy-c mxy-d mxy-e x-effect-exit\" data-x-effect=\"{&quot;scroll&quot;:true,&quot;offsetTop&quot;:&quot;0%&quot;,&quot;offsetBottom&quot;:&quot;0%&quot;,&quot;behaviorScroll&quot;:&quot;fire-once&quot;}\">ICAP\u00a0: Innovation Conception et Accompagnement pour la P\u00e9dagogie de l\u2019Universit\u00e9 Claude Bernard Lyon 1<\/div><\/div><div class=\"x-col e1222-e38 mxy-1c mxy-1d mxy-1e mxy-1f\"><div class=\"x-text x-content e1222-e39 mxy-21 mxy-24 mxy-26 mxy-29 mxy-2c mxy-2d mxy-2f mxy-2h mxy-2i mxy-2k mxy-2l mxy-2m\">CCDD : \u00a0une infrastructure au service de l'enseignement innovant<\/div><hr class=\"x-line e1222-e40 mxy-3c mxy-e mxy-f mxy-g x-effect-exit\" data-x-effect=\"{&quot;scroll&quot;:true,&quot;offsetTop&quot;:&quot;0%&quot;,&quot;offsetBottom&quot;:&quot;0%&quot;,&quot;behaviorScroll&quot;:&quot;fire-once&quot;}\"\/><\/div><\/div><\/div><\/div><div class=\"x-col e1222-e41 mxy-1c mxy-1d mxy-1e mxy-1f\"><div class=\"x-text x-content e1222-e42 mxy-21 mxy-23 mxy-24 mxy-25 mxy-29 mxy-2b mxy-2c mxy-2d mxy-2f mxy-2l mxy-2n mxy-2p mxy-2q\"><p>Le service <strong>ICAP<\/strong> est la cellule d&eacute;di&eacute;e &agrave; la transformation p&eacute;dagogique au sein de l&rsquo;Universit&eacute; Claude Bernard Lyon 1. Sa mission&nbsp;: accompagner les enseignants, les &eacute;quipes p&eacute;dagogiques et les services dans la cr&eacute;ation de supports de cours, l&rsquo;innovation et l&rsquo;&eacute;volution des pratiques d&rsquo;enseignement.<\/p><\/div><\/div><\/div><\/div><\/div><div class=\"x-section e1222-e43 mxy-0 mxy-1 mxy-2 mxy-3 mxy-7\"><div class=\"x-row e1222-e44 mxy-j mxy-k mxy-l mxy-m mxy-n mxy-x mxy-16\"><div class=\"x-row-inner\"><div class=\"x-col e1222-e45 mxy-1c mxy-1d mxy-1e mxy-1f\"><span class=\"x-image e1222-e46 mxy-3d mxy-3e mxy-3f\"><img decoding=\"async\" src=\"https:\/\/ccdd.univ-lyon1.fr\/wp-content\/uploads\/2025\/07\/adolescents-faisant-des-experiences-en-robotique-dans-un-laboratoire-garcon-dans-des-lunettes-de-protection-a-l-aide-d-une-tablette-et-d-une-fille-scaled.jpg\" width=\"2560\" height=\"1708\" alt=\"Voir les objectifs d&#039;ICAP ci-dessous\" loading=\"lazy\"><\/span><\/div><\/div><\/div><\/div><div class=\"x-section e1222-e47 mxy-0 mxy-1 mxy-4 mxy-6 mxy-7 mxy-8\"><div class=\"x-row x-container max width e1222-e48 mxy-j mxy-k mxy-l mxy-m mxy-n mxy-o mxy-x mxy-17\"><div class=\"x-row-inner\"><div class=\"x-col e1222-e49 mxy-1c mxy-1d mxy-1e mxy-1f\"><div class=\"x-row e1222-e50 mxy-j mxy-l mxy-m mxy-n mxy-t mxy-w mxy-x mxy-18\"><div class=\"x-row-inner\"><div class=\"x-col e1222-e51 mxy-1c mxy-1d mxy-1e mxy-1f mxy-1k mxy-1n mxy-1p mxy-1q mxy-1r\"><div class=\"x-text x-text-headline e1222-e52 mxy-2x mxy-31 mxy-32 mxy-33 mxy-34 mxy-35 mxy-c mxy-d mxy-e mxy-h x-effect-exit\" data-x-effect=\"{&quot;scroll&quot;:true,&quot;offsetTop&quot;:&quot;0%&quot;,&quot;offsetBottom&quot;:&quot;0%&quot;,&quot;behaviorScroll&quot;:&quot;fire-once&quot;}\"><div class=\"x-text-content\"><div class=\"x-text-content-text\"><h2 class=\"x-text-content-text-primary\"><strong>Missions principales <\/strong>du service<\/h2>\n<\/div><\/div><\/div><span class=\"x-image x-hide-sm x-hide-xs e1222-e53 mxy-3d mxy-3g mxy-d mxy-e mxy-g mxy-i x-effect-exit\" data-x-effect=\"{&quot;scroll&quot;:true,&quot;offsetTop&quot;:&quot;10%&quot;,&quot;offsetBottom&quot;:&quot;10%&quot;,&quot;behaviorScroll&quot;:&quot;fire-once&quot;}\"><img decoding=\"async\" src=\"https:\/\/ccdd.univ-lyon1.fr\/wp-content\/uploads\/2025\/02\/icone-fleche-blanc_orange-e1742312816965.png\" width=\"85\" height=\"100\" alt=\"Image\" loading=\"lazy\"><\/span><\/div><div class=\"x-col e1222-e54 mxy-1c mxy-1d mxy-1e mxy-1f\"><div class=\"x-text x-content e1222-e55 mxy-21 mxy-23 mxy-24 mxy-25 mxy-29 mxy-2c mxy-2d mxy-2f mxy-2g mxy-2h mxy-2k mxy-2q mxy-2s\"><p><img loading=\"lazy\" decoding=\"async\" class=\"wp-image-35 alignleft\" src=\"https:\/\/ccdd.univ-lyon1.fr\/wp-content\/uploads\/2025\/02\/icone-fleche-blanc_orange-e1740386679269.png\" alt=\"\" width=\"23\" height=\"20\" data-wp-editing=\"1\" \/><\/p>\n<p><strong>Accompagner la conception et la mise en &oelig;uvre de dispositifs p&eacute;dagogiques innovants<\/strong> <strong>et exp&eacute;rimenter<\/strong> : ICAP soutient la cr&eacute;ation de parcours d&rsquo;apprentissage hybrides, de formations en ligne et de p&eacute;dagogies actives (classe invers&eacute;e, apprentissage par projet, etc.).<\/p>\n<p><strong>&nbsp;<img loading=\"lazy\" decoding=\"async\" class=\"wp-image-35 alignleft\" src=\"https:\/\/ccdd.univ-lyon1.fr\/wp-content\/uploads\/2025\/02\/icone-fleche-blanc_orange-e1740386679269.png\" alt=\"\" width=\"23\" height=\"20\" data-wp-editing=\"1\" \/><\/strong><strong style=\"font-family: inherit; font-size: 1.2em; letter-spacing: 0em;\">Former et conseiller les enseignants<\/strong><span style=\"font-family: inherit; font-size: 1.2em; font-weight: inherit; letter-spacing: 0em;\"> : le service organise des formations, ateliers et ressources pour aider les enseignants &agrave; ma&icirc;triser les outils num&eacute;riques et les m&eacute;thodes p&eacute;dagogiques innovantes.<\/span><\/p>\n<p><strong><img loading=\"lazy\" decoding=\"async\" class=\"wp-image-35 alignleft\" src=\"https:\/\/ccdd.univ-lyon1.fr\/wp-content\/uploads\/2025\/02\/icone-fleche-blanc_orange-e1740386679269.png\" alt=\"\" width=\"23\" height=\"20\" data-wp-editing=\"1\" \/><\/strong><\/p>\n<p><strong>Concevoir et d&eacute;velopper des ressources p&eacute;dagogiques num&eacute;riques<\/strong> : ICAP contribue &agrave; la production, la mutualisation et la diffusion de contenus multim&eacute;dias, plateformes d&rsquo;apprentissage et outils num&eacute;riques adapt&eacute;s aux besoins des enseignants et &eacute;tudiants (Virtual Lab, XR&hellip;).<\/p>\n<p><strong>&nbsp;<img loading=\"lazy\" decoding=\"async\" class=\"wp-image-35 alignleft\" src=\"https:\/\/ccdd.univ-lyon1.fr\/wp-content\/uploads\/2025\/02\/icone-fleche-blanc_orange-e1740386679269.png\" alt=\"\" width=\"23\" height=\"20\" data-wp-editing=\"1\" \/><\/strong><strong style=\"font-family: inherit; font-size: 1.2em; letter-spacing: 0em;\">&Eacute;valuer les dispositifs p&eacute;dagogiques et les exp&eacute;riences d'apprentissage<\/strong><span style=\"font-family: inherit; font-size: 1.2em; font-weight: inherit; letter-spacing: 0em;\"> : puis proposer des m&eacute;thodes alternatives d&rsquo;&eacute;valuation ou des outils d&rsquo;analyse des progr&egrave;s des &eacute;tudiants.<\/span><\/p>\n<p><strong> <img loading=\"lazy\" decoding=\"async\" class=\"wp-image-35 alignleft\" src=\"https:\/\/ccdd.univ-lyon1.fr\/wp-content\/uploads\/2025\/02\/icone-fleche-blanc_orange-e1740386679269.png\" alt=\"\" width=\"23\" height=\"20\" data-wp-editing=\"1\" \/><\/strong><\/p>\n<p><strong>Favoriser une p&eacute;dagogie inclusive et accessible<\/strong> : En lien &eacute;troit avec le DemoES INCLUDE, ICAP &oelig;uvre pour l&rsquo;int&eacute;gration des besoins sp&eacute;cifiques, notamment via l&rsquo;adaptation des contenus et des modalit&eacute;s p&eacute;dagogiques via des formations aux enseignants, des outils d&rsquo;autodiagnostiques d&rsquo;accessibilit&eacute; des supports p&eacute;dagogiques ou encore sa plateforme de vid&eacute;os p&eacute;dagogiques inclusives &laquo;&nbsp;My vid&eacute;o&nbsp;&raquo;.<\/p>\n<p><strong>&nbsp;<\/strong><\/p><\/div><\/div><\/div><\/div><div class=\"x-row e1222-e56 mxy-j mxy-l mxy-m mxy-n mxy-t mxy-w mxy-x mxy-19\"><div class=\"x-row-inner\"><div class=\"x-col e1222-e57 mxy-1c mxy-1d mxy-1e mxy-1f mxy-1k mxy-1n mxy-1p mxy-1q mxy-1r\"><div class=\"x-text x-text-headline e1222-e58 mxy-2x mxy-31 mxy-32 mxy-35 mxy-36 mxy-37 mxy-c mxy-d mxy-e mxy-h x-effect-exit\" data-x-effect=\"{&quot;scroll&quot;:true,&quot;offsetTop&quot;:&quot;0%&quot;,&quot;offsetBottom&quot;:&quot;0%&quot;,&quot;behaviorScroll&quot;:&quot;fire-once&quot;}\"><div class=\"x-text-content\"><div class=\"x-text-content-text\"><h2 class=\"x-text-content-text-primary\">Un r&ocirc;le cl&eacute; dans la <strong>transformation de l&rsquo;enseignement sup&eacute;rieur<\/strong><\/h2>\n<\/div><\/div><\/div><span class=\"x-image x-hide-sm x-hide-xs e1222-e59 mxy-3d mxy-3g mxy-d mxy-e mxy-g mxy-i x-effect-exit\" data-x-effect=\"{&quot;scroll&quot;:true,&quot;offsetTop&quot;:&quot;10%&quot;,&quot;offsetBottom&quot;:&quot;10%&quot;,&quot;behaviorScroll&quot;:&quot;fire-once&quot;}\"><img decoding=\"async\" src=\"https:\/\/ccdd.univ-lyon1.fr\/wp-content\/uploads\/2025\/02\/icone-fleche-blanc_orange-e1742312816965.png\" width=\"85\" height=\"100\" alt=\"Image\" loading=\"lazy\"><\/span><\/div><div class=\"x-col e1222-e60 mxy-1c mxy-1d mxy-1e mxy-1f\"><div class=\"x-text x-content e1222-e61 mxy-21 mxy-23 mxy-24 mxy-25 mxy-29 mxy-2c mxy-2d mxy-2g mxy-2h mxy-2k mxy-2q mxy-2t\"><p>ICAP agit comme un v&eacute;ritable <strong>levier d&rsquo;innovation p&eacute;dagogique<\/strong> en collaboration avec les diff&eacute;rents d&eacute;partements de l&rsquo;universit&eacute;. Son approche est centr&eacute;e sur la co-construction et l&rsquo;intelligence collective pour r&eacute;pondre aux enjeux de la diversification des profils &eacute;tudiants, des &eacute;volutions technologiques et des attentes.<\/p><\/div><\/div><div class=\"x-col e1222-e62 mxy-1c mxy-1d mxy-1e mxy-1f mxy-1k mxy-1n mxy-1p mxy-1q mxy-1r\"><div class=\"x-text x-text-headline e1222-e63 mxy-2x mxy-31 mxy-32 mxy-33 mxy-34 mxy-35 mxy-38 mxy-c mxy-d mxy-e mxy-h x-effect-exit\" data-x-effect=\"{&quot;scroll&quot;:true,&quot;offsetTop&quot;:&quot;0%&quot;,&quot;offsetBottom&quot;:&quot;0%&quot;,&quot;behaviorScroll&quot;:&quot;fire-once&quot;}\"><div class=\"x-text-content\"><div class=\"x-text-content-text\"><h2 class=\"x-text-content-text-primary\">Vers une universit&eacute; <strong>agile et connect&eacute;e<\/strong><\/h2>\n<\/div><\/div><\/div><span class=\"x-image x-hide-sm x-hide-xs e1222-e64 mxy-3d mxy-3g mxy-d mxy-e mxy-g mxy-i x-effect-exit\" data-x-effect=\"{&quot;scroll&quot;:true,&quot;offsetTop&quot;:&quot;10%&quot;,&quot;offsetBottom&quot;:&quot;10%&quot;,&quot;behaviorScroll&quot;:&quot;fire-once&quot;}\"><img decoding=\"async\" src=\"https:\/\/ccdd.univ-lyon1.fr\/wp-content\/uploads\/2025\/02\/icone-fleche-blanc_orange-e1742312816965.png\" width=\"85\" height=\"100\" alt=\"Image\" loading=\"lazy\"><\/span><div class=\"x-text x-content e1222-e65 mxy-21 mxy-23 mxy-24 mxy-25 mxy-29 mxy-2c mxy-2d mxy-2f mxy-2g mxy-2h mxy-2n mxy-2q\"><p>Gr&acirc;ce &agrave; ICAP et les projets environnants, l&rsquo;Universit&eacute; Claude Bernard Lyon 1 d&eacute;veloppe des pratiques p&eacute;dagogiques modernes et adapt&eacute;es, favorisant la r&eacute;ussite et l&rsquo;engagement des &eacute;tudiants, tout en renfor&ccedil;ant la qualit&eacute; et l&rsquo;attractivit&eacute; des formations.<\/p><\/div><\/div><\/div><\/div><\/div><\/div><\/div><\/div><div class=\"x-section e1222-e66 mxy-0 mxy-7 mxy-8 mxy-9\"><div class=\"x-row x-container max width e1222-e67 mxy-j mxy-k mxy-l mxy-m mxy-n mxy-x mxy-1a\"><div class=\"x-row-inner\"><div class=\"x-col e1222-e68 mxy-1c mxy-1d mxy-1e mxy-1f\"><div class=\"x-text x-text-headline e1222-e69 mxy-2w mxy-2x mxy-2z mxy-32 mxy-37 mxy-39 mxy-3a mxy-c mxy-d mxy-e mxy-h x-effect-exit\" data-x-effect=\"{&quot;scroll&quot;:true,&quot;offsetTop&quot;:&quot;0%&quot;,&quot;offsetBottom&quot;:&quot;0%&quot;,&quot;behaviorScroll&quot;:&quot;fire-once&quot;}\"><div class=\"x-text-content\"><div class=\"x-text-content-text\"><h2 class=\"x-text-content-text-primary\">Ces r&eacute;ussites p&eacute;dagogiques reposent sur <strong>une infrastructure num&eacute;rique fiable et s&eacute;curis&eacute;e, <\/strong>comme celle propos&eacute;e par le CCDD<strong>.<\/strong><\/h2>\n<\/div><\/div><\/div><span class=\"x-image e1222-e70 mxy-3d mxy-3f\"><img decoding=\"async\" src=\"https:\/\/ccdd.univ-lyon1.fr\/wp-content\/uploads\/2025\/02\/icone-fleche-blanc_orange-e1742312816965.png\" width=\"42\" height=\"50\" alt=\"en savoir plus ci-dessous\" loading=\"lazy\"><\/span><\/div><\/div><\/div><\/div><div class=\"x-section e1222-e71 mxy-0 mxy-6 mxy-7 mxy-8 mxy-a\" id=\"interieur\"><div class=\"x-row x-container max width e1222-e72 mxy-j mxy-k mxy-l mxy-m mxy-n mxy-x mxy-1b\"><div class=\"x-row-inner\"><div class=\"x-col e1222-e73 mxy-1c mxy-1k mxy-1l mxy-1n mxy-1p mxy-1r mxy-1s\"><div class=\"x-bg\" aria-hidden=\"true\"><div class=\"x-bg-layer-lower-image\" style=\" background-image: url(https:\/\/ccdd.univ-lyon1.fr\/wp-content\/uploads\/2025\/07\/Picto-enseignements.png); background-repeat: no-repeat; background-position: center; background-size: 30%;\"><\/div><\/div><div class=\"x-text x-text-headline e1222-e74 mxy-2w mxy-2x mxy-32 mxy-34 mxy-35 mxy-39 mxy-3b mxy-c mxy-d mxy-e mxy-h x-effect-exit\" data-x-effect=\"{&quot;scroll&quot;:true,&quot;offsetTop&quot;:&quot;0%&quot;,&quot;offsetBottom&quot;:&quot;0%&quot;,&quot;behaviorScroll&quot;:&quot;fire-once&quot;}\"><div class=\"x-text-content\"><div class=\"x-text-content-text\"><h2 class=\"x-text-content-text-primary\">En savoir plus<\/h2>\n<\/div><\/div><\/div><div class=\"x-text x-content e1222-e75 mxy-20 mxy-21 mxy-23 mxy-24 mxy-25 mxy-2c mxy-2d mxy-2h mxy-2q\"><p>D&eacute;couvrez le service ICAP sur son portail web<\/p><\/div><a class=\"x-anchor x-anchor-button e1222-e76 mxy-3h\" tabindex=\"0\" href=\"https:\/\/icap.univ-lyon1.fr\/\"><div class=\"x-anchor-content\"><div class=\"x-anchor-text\"><span class=\"x-anchor-text-primary\">Visiter le site<\/span><\/div><\/div><\/a><\/div><div class=\"x-col e1222-e77 mxy-1c mxy-1d mxy-1e mxy-1o mxy-1t\"><span class=\"x-image e1222-e78 mxy-3d mxy-3f\"><img decoding=\"async\" src=\"https:\/\/ccdd.univ-lyon1.fr\/wp-content\/uploads\/2024\/08\/LogoLyon1Off_CoulRvb72dpi.png\" width=\"227\" height=\"64\" alt=\"Universit\u00e9 Claude Bernard Lyon 1\" loading=\"lazy\"><\/span><\/div><\/div><\/div><\/div><\/div>\n","protected":false},"excerpt":{"rendered":"<p>Service de l\u2019Universit\u00e9 Claude Bernard Lyon 1 d\u00e9di\u00e9 \u00e0 la conception, l&rsquo;innovation et la transformation p\u00e9dagogique.<\/p>\n","protected":false},"author":3,"featured_media":1224,"parent":1286,"menu_order":20,"comment_status":"closed","ping_status":"closed","template":"template-blank-4.php","meta":{"footnotes":""},"class_list":["post-1222","page","type-page","status-publish","has-post-thumbnail","hentry"],"_links":{"self":[{"href":"https:\/\/ccdd.univ-lyon1.fr\/index.php?rest_route=\/wp\/v2\/pages\/1222","targetHints":{"allow":["GET"]}}],"collection":[{"href":"https:\/\/ccdd.univ-lyon1.fr\/index.php?rest_route=\/wp\/v2\/pages"}],"about":[{"href":"https:\/\/ccdd.univ-lyon1.fr\/index.php?rest_route=\/wp\/v2\/types\/page"}],"author":[{"embeddable":true,"href":"https:\/\/ccdd.univ-lyon1.fr\/index.php?rest_route=\/wp\/v2\/users\/3"}],"replies":[{"embeddable":true,"href":"https:\/\/ccdd.univ-lyon1.fr\/index.php?rest_route=%2Fwp%2Fv2%2Fcomments&post=1222"}],"version-history":[{"count":20,"href":"https:\/\/ccdd.univ-lyon1.fr\/index.php?rest_route=\/wp\/v2\/pages\/1222\/revisions"}],"predecessor-version":[{"id":1303,"href":"https:\/\/ccdd.univ-lyon1.fr\/index.php?rest_route=\/wp\/v2\/pages\/1222\/revisions\/1303"}],"up":[{"embeddable":true,"href":"https:\/\/ccdd.univ-lyon1.fr\/index.php?rest_route=\/wp\/v2\/pages\/1286"}],"wp:featuredmedia":[{"embeddable":true,"href":"https:\/\/ccdd.univ-lyon1.fr\/index.php?rest_route=\/wp\/v2\/media\/1224"}],"wp:attachment":[{"href":"https:\/\/ccdd.univ-lyon1.fr\/index.php?rest_route=%2Fwp%2Fv2%2Fmedia&parent=1222"}],"curies":[{"name":"wp","href":"https:\/\/api.w.org\/{rel}","templated":true}]}}