{"id":1528,"date":"2025-09-30T16:00:32","date_gmt":"2025-09-30T14:00:32","guid":{"rendered":"https:\/\/ccdd.univ-lyon1.fr\/?page_id=1528"},"modified":"2025-09-30T16:28:47","modified_gmt":"2025-09-30T14:28:47","slug":"politique-des-donnees-2","status":"publish","type":"page","link":"https:\/\/ccdd.univ-lyon1.fr\/?page_id=1528","title":{"rendered":"Plan du site"},"content":{"rendered":"<div id=\"cs-content\" class=\"cs-content\"><div class=\"x-section e1528-e1 m16g-0 m16g-1\"><div class=\"x-row e1528-e2 m16g-3 m16g-4 m16g-6 m16g-7\"><div class=\"x-row-inner\"><div class=\"x-col e1528-e3 m16g-a\"><div class=\"x-div e1528-e4 m16g-b m16g-c\"><div class=\"x-div e1528-e5 m16g-b m16g-c\"><a class=\"x-div e1528-e6 m16g-c\" href=\"https:\/\/ccdd.univ-lyon1.fr\/\"><div class=\"x-text x-content e1528-e7 m16g-d\">Home<\/div><\/a><\/div><\/div><\/div><\/div><\/div><\/div><div class=\"x-section e1528-e9 m16g-0 m16g-2\"><div class=\"x-row x-container max width e1528-e10 m16g-3 m16g-4 m16g-6 m16g-8\"><div class=\"x-row-inner\"><div class=\"x-col e1528-e11 m16g-a\"><div class=\"x-text x-text-headline e1528-e12 m16g-f\"><div class=\"x-text-content\"><div class=\"x-text-content-text\"><h1 class=\"x-text-content-text-primary\">Plan du site<\/h1>\n<\/div><\/div><\/div><\/div><\/div><\/div><div class=\"x-row x-container max width e1528-e13 m16g-3 m16g-5 m16g-6 m16g-9\"><div class=\"x-row-inner\"><div class=\"x-col e1528-e14 m16g-a\"><ul class=\"x-menu-first-level x-menu x-menu-collapsed e1528-e15 m16g-j m16g-g m16g-h m16g-g m16g-i\" data-x-hoverintent=\"[]\"><li class=\"menu-item menu-item-type-post_type menu-item-object-page menu-item-home menu-item-has-children menu-item-1507\" id=\"menu-item-1507\"><a class=\"x-anchor x-anchor-menu-item m16g-g m16g-h\" tabindex=\"0\" href=\"https:\/\/ccdd.univ-lyon1.fr\/\" id=\"x-menu-collapsed-anchor-e1528-e15-0\" data-x-toggle=\"collapse\" data-x-toggleable=\"e1528-e15-0\" aria-controls=\"x-menu-collapsed-list-e1528-e15-0\" aria-expanded=\"false\" aria-haspopup=\"true\" aria-label=\"Toggle Collapsed Sub Menu\"><div class=\"x-anchor-content\"><div class=\"x-anchor-text\"><span class=\"x-anchor-text-primary\">Home<\/span><\/div><i class=\"x-anchor-sub-indicator\" data-x-skip-scroll=\"true\" aria-hidden=\"true\" data-x-icon-s=\"&#xf107;\"><\/i><\/div><\/a><ul class=\"sub-menu x-collapsed\" id=\"x-menu-collapsed-list-e1528-e15-0\" aria-hidden=\"true\" aria-labelledby=\"x-menu-collapsed-anchor-e1528-e15-0\" data-x-toggleable=\"e1528-e15-0\" data-x-toggle-collapse=\"1\"><li class=\"menu-item menu-item-type-post_type menu-item-object-page menu-item-1518\" id=\"menu-item-1518\"><a class=\"x-anchor x-anchor-menu-item m16g-g m16g-i\" tabindex=\"0\" href=\"https:\/\/ccdd.univ-lyon1.fr\/?page_id=896\"><div class=\"x-anchor-content\"><div class=\"x-anchor-text\"><span class=\"x-anchor-text-primary\">Actualit\u00e9s &#038; blog<\/span><\/div><i class=\"x-anchor-sub-indicator\" data-x-skip-scroll=\"true\" aria-hidden=\"true\" data-x-icon-s=\"&#xf107;\"><\/i><\/div><\/a><\/li><\/ul><\/li><li class=\"menu-item menu-item-type-post_type menu-item-object-page menu-item-has-children menu-item-1509\" id=\"menu-item-1509\"><a class=\"x-anchor x-anchor-menu-item m16g-g m16g-h\" tabindex=\"0\" href=\"https:\/\/ccdd.univ-lyon1.fr\/?page_id=157\" id=\"x-menu-collapsed-anchor-e1528-e15-1\" data-x-toggle=\"collapse\" data-x-toggleable=\"e1528-e15-1\" aria-controls=\"x-menu-collapsed-list-e1528-e15-1\" aria-expanded=\"false\" aria-haspopup=\"true\" aria-label=\"Toggle Collapsed Sub Menu\"><div class=\"x-anchor-content\"><div class=\"x-anchor-text\"><span class=\"x-anchor-text-primary\">Le CCDD<\/span><\/div><i class=\"x-anchor-sub-indicator\" data-x-skip-scroll=\"true\" aria-hidden=\"true\" data-x-icon-s=\"&#xf107;\"><\/i><\/div><\/a><ul class=\"sub-menu x-collapsed\" id=\"x-menu-collapsed-list-e1528-e15-1\" aria-hidden=\"true\" aria-labelledby=\"x-menu-collapsed-anchor-e1528-e15-1\" data-x-toggleable=\"e1528-e15-1\" data-x-toggle-collapse=\"1\"><li class=\"menu-item menu-item-type-post_type menu-item-object-page menu-item-1510\" id=\"menu-item-1510\"><a class=\"x-anchor x-anchor-menu-item m16g-g m16g-i\" tabindex=\"0\" href=\"https:\/\/ccdd.univ-lyon1.fr\/?page_id=1325\"><div class=\"x-anchor-content\"><div class=\"x-anchor-text\"><span class=\"x-anchor-text-primary\">Nous conna\u00eetre<\/span><\/div><i class=\"x-anchor-sub-indicator\" data-x-skip-scroll=\"true\" aria-hidden=\"true\" data-x-icon-s=\"&#xf107;\"><\/i><\/div><\/a><\/li><li class=\"menu-item menu-item-type-post_type menu-item-object-page menu-item-1511\" id=\"menu-item-1511\"><a class=\"x-anchor x-anchor-menu-item m16g-g m16g-i\" tabindex=\"0\" href=\"https:\/\/ccdd.univ-lyon1.fr\/?page_id=1381\"><div class=\"x-anchor-content\"><div class=\"x-anchor-text\"><span class=\"x-anchor-text-primary\">Missions et engagements<\/span><\/div><i class=\"x-anchor-sub-indicator\" data-x-skip-scroll=\"true\" aria-hidden=\"true\" data-x-icon-s=\"&#xf107;\"><\/i><\/div><\/a><\/li><li class=\"menu-item menu-item-type-post_type menu-item-object-page menu-item-1512\" id=\"menu-item-1512\"><a class=\"x-anchor x-anchor-menu-item m16g-g m16g-i\" tabindex=\"0\" href=\"https:\/\/ccdd.univ-lyon1.fr\/?page_id=1375\"><div class=\"x-anchor-content\"><div class=\"x-anchor-text\"><span class=\"x-anchor-text-primary\">Notre \u00e9quipe<\/span><\/div><i class=\"x-anchor-sub-indicator\" data-x-skip-scroll=\"true\" aria-hidden=\"true\" data-x-icon-s=\"&#xf107;\"><\/i><\/div><\/a><\/li><li class=\"menu-item menu-item-type-post_type menu-item-object-page menu-item-has-children menu-item-1513\" id=\"menu-item-1513\"><a class=\"x-anchor x-anchor-menu-item m16g-g m16g-i\" tabindex=\"0\" href=\"https:\/\/ccdd.univ-lyon1.fr\/?page_id=1368\" id=\"x-menu-collapsed-anchor-e1528-e15-2\" data-x-toggle=\"collapse\" data-x-toggleable=\"e1528-e15-2\" aria-controls=\"x-menu-collapsed-list-e1528-e15-2\" aria-expanded=\"false\" aria-haspopup=\"true\" aria-label=\"Toggle Collapsed Sub Menu\"><div class=\"x-anchor-content\"><div class=\"x-anchor-text\"><span class=\"x-anchor-text-primary\">L\u2019\u00e9cosyst\u00e8me<\/span><\/div><i class=\"x-anchor-sub-indicator\" data-x-skip-scroll=\"true\" aria-hidden=\"true\" data-x-icon-s=\"&#xf107;\"><\/i><\/div><\/a><ul class=\"sub-menu x-collapsed\" id=\"x-menu-collapsed-list-e1528-e15-2\" aria-hidden=\"true\" aria-labelledby=\"x-menu-collapsed-anchor-e1528-e15-2\" data-x-toggleable=\"e1528-e15-2\" data-x-toggle-collapse=\"1\"><li class=\"menu-item menu-item-type-post_type menu-item-object-page menu-item-has-children menu-item-1514\" id=\"menu-item-1514\"><a class=\"x-anchor x-anchor-menu-item m16g-g m16g-i\" tabindex=\"0\" href=\"https:\/\/ccdd.univ-lyon1.fr\/?page_id=1286\" id=\"x-menu-collapsed-anchor-e1528-e15-3\" data-x-toggle=\"collapse\" data-x-toggleable=\"e1528-e15-3\" aria-controls=\"x-menu-collapsed-list-e1528-e15-3\" aria-expanded=\"false\" aria-haspopup=\"true\" aria-label=\"Toggle Collapsed Sub Menu\"><div class=\"x-anchor-content\"><div class=\"x-anchor-text\"><span class=\"x-anchor-text-primary\">Projets h\u00e9berg\u00e9s<\/span><\/div><i class=\"x-anchor-sub-indicator\" data-x-skip-scroll=\"true\" aria-hidden=\"true\" data-x-icon-s=\"&#xf107;\"><\/i><\/div><\/a><ul class=\"sub-menu x-collapsed\" id=\"x-menu-collapsed-list-e1528-e15-3\" aria-hidden=\"true\" aria-labelledby=\"x-menu-collapsed-anchor-e1528-e15-3\" data-x-toggleable=\"e1528-e15-3\" data-x-toggle-collapse=\"1\"><li class=\"menu-item menu-item-type-post_type menu-item-object-page menu-item-1515\" id=\"menu-item-1515\"><a class=\"x-anchor x-anchor-menu-item m16g-g m16g-i\" tabindex=\"0\" href=\"https:\/\/ccdd.univ-lyon1.fr\/?page_id=1178\"><div class=\"x-anchor-content\"><div class=\"x-anchor-text\"><span class=\"x-anchor-text-primary\">INCLUDE<\/span><\/div><i class=\"x-anchor-sub-indicator\" data-x-skip-scroll=\"true\" aria-hidden=\"true\" data-x-icon-s=\"&#xf107;\"><\/i><\/div><\/a><\/li><li class=\"menu-item menu-item-type-post_type menu-item-object-page menu-item-1516\" id=\"menu-item-1516\"><a class=\"x-anchor x-anchor-menu-item m16g-g m16g-i\" tabindex=\"0\" href=\"https:\/\/ccdd.univ-lyon1.fr\/?page_id=1222\"><div class=\"x-anchor-content\"><div class=\"x-anchor-text\"><span class=\"x-anchor-text-primary\">ICAP<\/span><\/div><i class=\"x-anchor-sub-indicator\" data-x-skip-scroll=\"true\" aria-hidden=\"true\" data-x-icon-s=\"&#xf107;\"><\/i><\/div><\/a><\/li><li class=\"menu-item menu-item-type-post_type menu-item-object-page menu-item-1517\" id=\"menu-item-1517\"><a class=\"x-anchor x-anchor-menu-item m16g-g m16g-i\" tabindex=\"0\" href=\"https:\/\/ccdd.univ-lyon1.fr\/?page_id=1205\"><div class=\"x-anchor-content\"><div class=\"x-anchor-text\"><span class=\"x-anchor-text-primary\">SHAPE Med@Lyon<\/span><\/div><i class=\"x-anchor-sub-indicator\" data-x-skip-scroll=\"true\" aria-hidden=\"true\" data-x-icon-s=\"&#xf107;\"><\/i><\/div><\/a><\/li><\/ul><\/li><li class=\"menu-item menu-item-type-post_type menu-item-object-page menu-item-1508\" id=\"menu-item-1508\"><a class=\"x-anchor x-anchor-menu-item m16g-g m16g-i\" tabindex=\"0\" href=\"https:\/\/ccdd.univ-lyon1.fr\/?page_id=1410\"><div class=\"x-anchor-content\"><div class=\"x-anchor-text\"><span class=\"x-anchor-text-primary\">Domaines d\u2019applications<\/span><\/div><i class=\"x-anchor-sub-indicator\" data-x-skip-scroll=\"true\" aria-hidden=\"true\" data-x-icon-s=\"&#xf107;\"><\/i><\/div><\/a><\/li><\/ul><\/li><\/ul><\/li><li class=\"menu-item menu-item-type-post_type menu-item-object-page menu-item-1519\" id=\"menu-item-1519\"><a class=\"x-anchor x-anchor-menu-item m16g-g m16g-h\" tabindex=\"0\" href=\"https:\/\/ccdd.univ-lyon1.fr\/?page_id=436\"><div class=\"x-anchor-content\"><div class=\"x-anchor-text\"><span class=\"x-anchor-text-primary\">Nos infrastructures<\/span><\/div><i class=\"x-anchor-sub-indicator\" data-x-skip-scroll=\"true\" aria-hidden=\"true\" data-x-icon-s=\"&#xf107;\"><\/i><\/div><\/a><\/li><li class=\"menu-item menu-item-type-post_type menu-item-object-page menu-item-has-children menu-item-1520\" id=\"menu-item-1520\"><a class=\"x-anchor x-anchor-menu-item m16g-g m16g-h\" tabindex=\"0\" href=\"https:\/\/ccdd.univ-lyon1.fr\/?page_id=908\" id=\"x-menu-collapsed-anchor-e1528-e15-4\" data-x-toggle=\"collapse\" data-x-toggleable=\"e1528-e15-4\" aria-controls=\"x-menu-collapsed-list-e1528-e15-4\" aria-expanded=\"false\" aria-haspopup=\"true\" aria-label=\"Toggle Collapsed Sub Menu\"><div class=\"x-anchor-content\"><div class=\"x-anchor-text\"><span class=\"x-anchor-text-primary\">H\u00e9bergement et services<\/span><\/div><i class=\"x-anchor-sub-indicator\" data-x-skip-scroll=\"true\" aria-hidden=\"true\" data-x-icon-s=\"&#xf107;\"><\/i><\/div><\/a><ul class=\"sub-menu x-collapsed\" id=\"x-menu-collapsed-list-e1528-e15-4\" aria-hidden=\"true\" aria-labelledby=\"x-menu-collapsed-anchor-e1528-e15-4\" data-x-toggleable=\"e1528-e15-4\" data-x-toggle-collapse=\"1\"><li class=\"menu-item menu-item-type-post_type menu-item-object-page menu-item-1521\" id=\"menu-item-1521\"><a class=\"x-anchor x-anchor-menu-item m16g-g m16g-i\" tabindex=\"0\" href=\"https:\/\/ccdd.univ-lyon1.fr\/?page_id=504\"><div class=\"x-anchor-content\"><div class=\"x-anchor-text\"><span class=\"x-anchor-text-primary\">H\u00e9bergement<\/span><\/div><i class=\"x-anchor-sub-indicator\" data-x-skip-scroll=\"true\" aria-hidden=\"true\" data-x-icon-s=\"&#xf107;\"><\/i><\/div><\/a><\/li><\/ul><\/li><li class=\"menu-item menu-item-type-post_type menu-item-object-page menu-item-1522\" id=\"menu-item-1522\"><a class=\"x-anchor x-anchor-menu-item m16g-g m16g-h\" tabindex=\"0\" href=\"https:\/\/ccdd.univ-lyon1.fr\/?page_id=997\"><div class=\"x-anchor-content\"><div class=\"x-anchor-text\"><span class=\"x-anchor-text-primary\">Carri\u00e8res<\/span><\/div><i class=\"x-anchor-sub-indicator\" data-x-skip-scroll=\"true\" aria-hidden=\"true\" data-x-icon-s=\"&#xf107;\"><\/i><\/div><\/a><\/li><li class=\"menu-item menu-item-type-post_type menu-item-object-page menu-item-1523\" id=\"menu-item-1523\"><a class=\"x-anchor x-anchor-menu-item m16g-g m16g-h\" tabindex=\"0\" href=\"https:\/\/ccdd.univ-lyon1.fr\/?page_id=991\"><div class=\"x-anchor-content\"><div class=\"x-anchor-text\"><span class=\"x-anchor-text-primary\">R\u00e9f\u00e9rences<\/span><\/div><i class=\"x-anchor-sub-indicator\" data-x-skip-scroll=\"true\" aria-hidden=\"true\" data-x-icon-s=\"&#xf107;\"><\/i><\/div><\/a><\/li><li class=\"menu-item menu-item-type-post_type menu-item-object-page menu-item-1524\" id=\"menu-item-1524\"><a class=\"x-anchor x-anchor-menu-item m16g-g m16g-h\" tabindex=\"0\" href=\"https:\/\/ccdd.univ-lyon1.fr\/?page_id=224\"><div class=\"x-anchor-content\"><div class=\"x-anchor-text\"><span class=\"x-anchor-text-primary\">Contact<\/span><\/div><i class=\"x-anchor-sub-indicator\" data-x-skip-scroll=\"true\" aria-hidden=\"true\" data-x-icon-s=\"&#xf107;\"><\/i><\/div><\/a><\/li><li class=\"menu-item menu-item-type-post_type menu-item-object-page menu-item-1525\" id=\"menu-item-1525\"><a class=\"x-anchor x-anchor-menu-item m16g-g m16g-h\" tabindex=\"0\" href=\"https:\/\/ccdd.univ-lyon1.fr\/?page_id=489\"><div class=\"x-anchor-content\"><div class=\"x-anchor-text\"><span class=\"x-anchor-text-primary\">Mentions l\u00e9gales<\/span><\/div><i class=\"x-anchor-sub-indicator\" data-x-skip-scroll=\"true\" aria-hidden=\"true\" data-x-icon-s=\"&#xf107;\"><\/i><\/div><\/a><\/li><li class=\"menu-item menu-item-type-post_type menu-item-object-page menu-item-1526\" id=\"menu-item-1526\"><a class=\"x-anchor x-anchor-menu-item m16g-g m16g-h\" tabindex=\"0\" href=\"https:\/\/ccdd.univ-lyon1.fr\/?page_id=591\"><div class=\"x-anchor-content\"><div class=\"x-anchor-text\"><span class=\"x-anchor-text-primary\">Politique des donn\u00e9es<\/span><\/div><i class=\"x-anchor-sub-indicator\" data-x-skip-scroll=\"true\" aria-hidden=\"true\" data-x-icon-s=\"&#xf107;\"><\/i><\/div><\/a><\/li><li class=\"menu-item menu-item-type-post_type menu-item-object-page menu-item-1527\" id=\"menu-item-1527\"><a class=\"x-anchor x-anchor-menu-item m16g-g m16g-h\" tabindex=\"0\" href=\"https:\/\/ccdd.univ-lyon1.fr\/?page_id=608\"><div class=\"x-anchor-content\"><div class=\"x-anchor-text\"><span class=\"x-anchor-text-primary\">Accessibilit\u00e9<\/span><\/div><i class=\"x-anchor-sub-indicator\" data-x-skip-scroll=\"true\" aria-hidden=\"true\" data-x-icon-s=\"&#xf107;\"><\/i><\/div><\/a><\/li><\/ul><\/div><\/div><\/div><\/div><\/div>\n","protected":false},"excerpt":{"rendered":"<p>HomePlan du site HomeActualit\u00e9s &#038; blogLe CCDDNous conna\u00eetreMissions et engagementsNotre \u00e9quipeL\u2019\u00e9cosyst\u00e8meProjets h\u00e9berg\u00e9sINCLUDEICAPSHAPE Med@LyonDomaines d\u2019applicationsNos infrastructuresH\u00e9bergement et servicesH\u00e9bergementCarri\u00e8resR\u00e9f\u00e9rencesContactMentions l\u00e9galesPolitique des donn\u00e9esAccessibilit\u00e9<\/p>\n","protected":false},"author":3,"featured_media":0,"parent":0,"menu_order":0,"comment_status":"closed","ping_status":"closed","template":"template-blank-4.php","meta":{"footnotes":""},"class_list":["post-1528","page","type-page","status-publish","hentry","no-post-thumbnail"],"_links":{"self":[{"href":"https:\/\/ccdd.univ-lyon1.fr\/index.php?rest_route=\/wp\/v2\/pages\/1528","targetHints":{"allow":["GET"]}}],"collection":[{"href":"https:\/\/ccdd.univ-lyon1.fr\/index.php?rest_route=\/wp\/v2\/pages"}],"about":[{"href":"https:\/\/ccdd.univ-lyon1.fr\/index.php?rest_route=\/wp\/v2\/types\/page"}],"author":[{"embeddable":true,"href":"https:\/\/ccdd.univ-lyon1.fr\/index.php?rest_route=\/wp\/v2\/users\/3"}],"replies":[{"embeddable":true,"href":"https:\/\/ccdd.univ-lyon1.fr\/index.php?rest_route=%2Fwp%2Fv2%2Fcomments&post=1528"}],"version-history":[{"count":4,"href":"https:\/\/ccdd.univ-lyon1.fr\/index.php?rest_route=\/wp\/v2\/pages\/1528\/revisions"}],"predecessor-version":[{"id":1532,"href":"https:\/\/ccdd.univ-lyon1.fr\/index.php?rest_route=\/wp\/v2\/pages\/1528\/revisions\/1532"}],"wp:attachment":[{"href":"https:\/\/ccdd.univ-lyon1.fr\/index.php?rest_route=%2Fwp%2Fv2%2Fmedia&parent=1528"}],"curies":[{"name":"wp","href":"https:\/\/api.w.org\/{rel}","templated":true}]}}